 when 810027 is divided by 1315?
1302
Calculate the remainder when 798271 is divided by 8739.
3022
Calculate the remainder when 4296316 is divided by 640.
636
Calculate the remainder when 13547956 is divided by 6773941.
74
What is the remainder when 410832 is divided by 1300?
32
Calculate the remainder when 1755370 is divided by 25440.
10
What is the remainder when 182950 is divided by 227?
215
Calculate the remainder when 6898031 is divided by 144.
143
What is the remainder when 336052 is divided by 3734?
3726
What is the remainder when 109510 is divided by 54303?
904
What is the remainder when 72817697 is divided by 350085?
17
Calculate the remainder when 953238 is divided by 158479.
2364
Calculate the remainder when 70988 is divided by 57953.
13035
What is the remainder when 1244733 is divided by 466?
47
What is the remainder when 1294735 is divided by 259?
253
Calculate the remainder when 72209 is divided by 379.
199
Calculate the remainder when 113352 is divided by 5282.
2430
Calculate the remainder when 46063647 is divided by 980077.
28
Calculate the remainder when 7671918 is divided by 4463.
21
Calculate the remainder when 86182 is divided by 14304.
358
What is the remainder when 2503330 is divided by 27?
25
Calculate the remainder when 253212008 is divided by 14937.
14921
What is the remainder when 15368269 is divided by 489?
466
What is the remainder when 121640 is divided by 117225?
4415
What is the remainder when 7023066 is divided by 1416?
1122
Calculate the remainder when 20921576 is divided by 1995.
11
Calculate the remainder when 229314 is divided by 112110.
5094
What is the remainder when 4039442 is divided by 685?
682
Calculate the remainder when 645830 is divided by 2513.
2502
Calculate the remainder when 186918 is divided by 184210.
2708
What is the remainder when 78292 is divided by 930?
172
What is the remainder when 35066636 is divided by 4383322?
60
Calculate the remainder when 119487796 is divided by 2410.
2406
What is the remainder when 4275195 is divided by 2137597?
1
Calculate the remainder when 90917 is divided by 1914.
959
Calculate the remainder when 40504849 is divided by 67.
66
Calculate the remainder when 69966 is divided by 55.
6
What is the remainder when 284811 is divided by 9149?
1192
Calculate the remainder when 182283436 is divided by 618.
10
Calculate the remainder when 3323154 is divided by 304.
130
What is the remainder when 537388556 is divided by 179129511?
23
Calculate the remainder when 1168898 is divided by 146062.
402
Calculate the remainder when 7032864 is divided by 3516427.
10
What is the remainder when 39977 is divided by 36514?
3463
What is the remainder when 20751 is divided by 3941?
1046
What is the remainder when 634623 is divided by 184?
7
Calculate the remainder when 31744 is divided by 30980.
764
What is the remainder when 1392556 is divided by 32383?
87
What is the remainder when 6416784 is divided by 493595?
49
What is the remainder when 2481222 is divided by 275662?
264
What is the remainder when 168586211 is divided by 5145?
5141
Calculate the remainder when 4473357 is divided by 2090.
757
What is the remainder when 12159225 is divided by 65?
0
What is the remainder when 18291754 is divided by 51?
43
What is the remainder when 10782519 is divided by 712?
703
Calculate the remainder when 3054533 is divided by 52653.
659
Calculate the remainder when 2913740 is divided by 1144.
1116
Calculate the remainder when 11899528 is divided by 24.
16
Calculate the remainder when 71760 is divided by 35650.
460
Calculate the remainder when 110682 is divided by 22125.
57
Calculate the remainder when 114508 is divided by 1942.
1872
Calculate the remainder when 383158 is divided by 191389.
380
Calculate the remainder when 917659 is divided by 17.
16
What is the remainder when 8910599 is divided by 120?
119
Calculate the remainder when 16914 is divided by 701.
90
Calculate the remainder when 65766014 is divided by 588.
566
What is the remainder when 65186803 is divided by 138991?
24
Calculate the remainder when 144711 is divided by 877.
6
Calculate the remainder when 44278 is divided by 5294.
1926
Calculate the remainder when 552725509 is divided by 205.
204
What is the remainder when 536845 is divided by 166?
1
What is the remainder when 18767 is divided by 3111?
101
Calculate the remainder when 20648186 is divided by 96.
26
Calculate the remainder when 587086 is divided by 195693.
7
Calculate the remainder when 1392193 is divided by 9873.
100
Calculate the remainder when 314520 is divided by 56.
24
Calculate the remainder when 33949 is divided by 698.
445
Calculate the remainder when 31700 is divided by 447.
410
Calculate the remainder when 827365 is divided by 181.
14
Calculate the remainder when 43160511 is divided by 312757.
45
What is the remainder when 603733 is divided by 998?
941
What is the remainder when 322163 is divided by 351?
296
What is the remainder when 179259 is divided by 3093?
2958
What is the remainder when 179531 is divided by 179491?
40
What is the remainder when 461663 is divided by 76843?
605
Calculate the remainder when 874857 is divided by 4753.
305
Calculate the remainder when 4941581 is divided by 3015.
3011
Calculate the remainder when 11346039 is divided by 441.
432
What is the remainder when 1283792 is divided by 641892?
8
What is the remainder when 931753 is divided by 75?
28
What is the remainder when 2944133 is divided by 659?
380
Calculate the remainder when 531790 is divided by 265075.
1640
Calculate the remainder when 3074117 is divided by 768526.
13
What is the remainder when 7590420 is divided by 8296?
7876
Calculate the remainder when 413766 is divided by 67871.
6540
What is the remainder when 3227907 is divided by 149?
120
Calculate the remainder when 5144318 is divided by 2772.
2258
What is the remainder when 45658796 is divided by 15?
11
Calculate the remainder when 1967069 is divided by 163921.
17
What is the remainder when 4359 is divided by 4307?
52
What is the remainder when 12976280 is divided by 271?
258
Calculate the remainder when 7298701 is divided by 930.
61
What is the remainder when 610516 is divided by 630?
46
What is the remainder when 28003618 is divided by 150?
118
Calculate the remainder when 127825 is divided by 42434.
523
Calculate the remainder when 26960 is divided by 3796.
388
Calculate the remainder when 6891231 is divided by 14.
11
Calculate the remainder when 619649 is divided by 2182.
2143
What is the remainder when 156454 is divided by 21886?
3252
What is the remainder when 458121 is divided by 3665?
3661
Calculate the remainder when 189161 is divided by 591.
41
Calculate the remainder when 112934518 is divided by 218442.
4
What is the remainder when 65248 is divided by 21128?
1864
Calculate the remainder when 38240599 is divided by 23.
17
Calculate the remainder when 94781 is divided by 94612.
169
What is the remainder when 29051374 is divided by 100?
74
Calculate the remainder when 1803222 is divided by 280.
22
Calculate the remainder when 74644 is divided by 10639.
171
What is the remainder when 6316418 is divided by 33?
20
Calculate the remainder when 3525501 is divided by 8.
5
What is the remainder when 1054081 is divided by 210816?
1
Calculate the remainder when 3867887 is divided by 754.
621
What is the remainder when 3600666 is divided by 3600646?
20
What is the remainder when 750829 is divided by 83086?
3055
Calculate the remainder when 882382 is divided by 181.
7
Calculate the remainder when 892212 is divided by 3310.
1822
Calculate the remainder when 23053 is divided by 1204.
177
Calculate the remainder when 3040197 is divided by 760012.
149
Calculate the remainder when 422693033 is divided by 9345.
9338
What is the remainder when 1157947 is divided by 16309?
8
What is the remainder when 6296212 is divided by 787024?
20
What is the remainder when 158500 is divided by 52783?
151
Calculate the remainder when 1122286 is divided by 530.
276
Calculate the remainder when 20375 is divided by 38.
7
What is the remainder when 1778343 is divided by 83?
68
What is the remainder when 165476 is divided by 914?
42
What is the remainder when 184129 is divided by 91586?
957
What is the remainder when 2058516 is divided by 154?
15